inder when 419 is divided by s.
6
Let y = -56 + 55. Let t be 0/(2 - y) + 3. Suppose 5*f - 14 = -l, -5*f = -t*l + 13 + 9. Calculate the remainder when 22 is divided by l.
4
Let j(k) = 2 - 20*k + 42*k**2 - 24*k**2 + 22*k. What is the remainder when 909 is divided by j(-2)?
69
Let y(g) = g**3 - 9*g**2 + 11*g + 3. Suppose 0 = -557*m + 556*m + 2. Suppose -m*a - 15 = -7*a, -b = a - 9. What is the remainder when y(8) is divided by b?
3
Let q(m) = m**3 + 14*m**2 + 2*m + 22. Calculate the remainder when q(-12) is divided by 32/1 + 15 + -23.
22
Suppose 2*p = -18 + 58. Suppose 0 = -p*i + 213 + 747. Let r = -121 - -311. Calculate the remainder when r is divided by i.
46
Let q(z) = -z**3 + 83*z**2 - 5*z + 442. Calculate the remainder when 854 is divided by q(83).
17
Suppose -2*w + 79 = -479. What is the remainder when w is divided by (-19 - (-19 - -3))*7/(-3)?
6
Let w be 5/(1 + -1 + -1). Let f(n) = 7*n**2 + 17*n - 4. Let i = 19 - -10. What is the remainder when f(w) is divided by i?
28
Let c(m) = 5*m + 25*m - 22*m - 178. Let f = 42 - 30. What is the remainder when c(25) is divided by f?
10
Let w = 17 - 21. Let f = w - -7. Suppose -p + 89 = -0*g + f*g, -p + 60 = 2*g. What is the remainder when 142 is divided by g?
26
Suppose -131*c - 30 = -125*c. What is the remainder when 176 is divided by ((-7)/(-5))/(-7) - 296/c?
58
Let c be (-2*18/(-24))/(9/(-24)). What is the remainder when 62 is divided by (1 - (-106)/c)/(81/(-54))?
11
Suppose -3*t + 228 = -5*f + 156, -5*f = -4*t + 91. Calculate the remainder when 1572 is divided by t.
14
Suppose 5*q - 4*s = 136, -3*q + 6*s - 5*s = -76. Calculate the remainder when (-6 + q/(-9))*(-45)/3 is divided by 27.
22
Let y = -258 + 263. Suppose 62 = 2*s + 3*q - 72, -y*s = 3*q - 353. Calculate the remainder when s is divided by 19.
16
Suppose 1056 = 4*f + 3*o, f - 2*f = -2*o - 253. Calculate the remainder when f is divided by 143.
118
Let q = -21 - -57. Let v(s) = 3*s - 102. What is the remainder when 29 is divided by v(q)?
5
Let q(c) = -13*c + 88. Let u be 1040/182 + 2/7. What is the remainder when 98 is divided by q(u)?
8
Suppose -260*d = -234*d - 13520. Calculate the remainder when d is divided by 167.
19
Let g be (0 - 2)*(-5 - -1). Suppose 2*o = 24 - g. Suppose i - o - 59 = 0. Calculate the remainder when i is divided by 17.
16
Suppose -347 = -b + 3*q, b = 1831*q - 1836*q + 411. Let y(m) = -m**2 - m + 25. What is the remainder when b is divided by y(0)?
21
Suppose -3 = 3*k, 2*f = -2*k + 8*k + 392. What is the remainder when f is divided by 184?
9
Let o(v) = -6*v - 1. Let r = 33 - 37. Calculate the remainder when 65 is divided by o(r).
19
Let g(v) = 2*v + 12. Let h(y) = -y**3 - 2*y**2 + 2*y + 2. Let r be h(-3). Suppose 0 = 3*t - r - 16. Calculate the remainder when g(t) is divided by 6.
2
Let p be (15/24*2)/(4/16). Suppose -87 - 73 = -4*f + p*t, f - 3*t = 40. What is the remainder when 159 is divided by f?
39
Suppose i - 7*i = 0. Calculate the remainder when (1 - i) + (183 - 25/(-5)) is divided by 5.
4
Suppose -12772 = -236*y + 13041 + 56787. Calculate the remainder when y is divided by 154.
42
Suppose 4*d = 3*r - 1572, -7*d = 3*r - 3*d - 1596. Suppose 0 = 151*x - 143*x - r. What is the remainder when 129 is divided by x?
63
Let t be 0 + (-2)/((16/(-10))/4). Suppose 2*q = 3*g + 1, 6*q = t*g + 2*q + 5. Calculate the remainder when (g - 189/15)/((-18)/60) is divided by 9.
5
Let n(w) = -180*w**3 + 4*w**2 + 115*w + 224. Calculate the remainder when n(-2) is divided by 289.
5
Let a(q) = 2*q**3 + 3*q**2 - 22*q + 6. Calculate the remainder when 1763 is divided by a(3).
20
Let w(s) = 9*s + 11. Let o be w(-1). Suppose 5*z - 248 = -o*c, -652 + 51 = -5*c - 3*z. Calculate the remainder when c is divided by 11.
9
Suppose 0 = -3*m + 2*m + 3. Suppose 26*a - 23 - 81 = 0. Suppose a*b - 85 = j, -j - 28 = -b - m*j. Calculate the remainder when b is divided by 8.
6
Suppose 0 = -4*t + 23 + 17. Suppose 0 = p - 57 + 46. Let c(q) = q**2 - 12*q + 40. Calculate the remainder when c(p) is divided by t.
9
Suppose -199 = -4*h - 55. Suppose 0 = -98*j + 103*j - 240. Suppose 3*x - 8 = -p, 4*p = -x - 3*x + j. Calculate the remainder when h is divided by p.
8
Suppose -2*p = -181 - 5. Suppose x - p = 18. Let u = -64 + x. What is the remainder when u is divided by 24?
23
Let w = 130 + -120. Suppose w*r = -92 + 812. Calculate the remainder when r is divided by 19.
15
Suppose -6*w + 38 - 8 = 0. Suppose d - 2*y + w*y - 23 = 0, 0 = -d - 4*y + 28. Suppose 0 = 4*g + 4 - d. Calculate the remainder when 5 is divided by g.
0
Let h = -249 - -185. Calculate the remainder when (h/(-6))/(17/((-459)/(-18))) is divided by 4.
0
Let p = 53 + 18. Let t = 59 + p. Calculate the remainder when t is divided by 33.
31
Let o = -8 - -13. Suppose 0 = -6*z + 5*z + o. Suppose 15 = 4*v - v, -z*x - v = -185. What is the remainder when x is divided by 13?
10
Calculate the remainder when 571 is divided by (-9)/(-9)*(6 - 2).
3
Let v(c) = c**2 + 309*c + 113. What is the remainder when v(6) is divided by 38?
27
Let f(w) = w. Let c(b) = -2*b + 69. Let h(n) = -c(n) + 2*f(n). What is the remainder when 72 is divided by h(22)?
15
Suppose 0 = -p - 4, d + 4*p = -22 + 6. Let m(x) = x**2. Let y be m(-4). Suppose -20*l + y*l + 80 = d. Calculate the remainder when 51 is divided by l.
11
What is the remainder when (-2 - 0)/((-4)/(-3) - (-13281)/(-9918)) is divided by 182?
166
Suppose -f - 42810 = -0*f - 31*f. Calculate the remainder when f is divided by 38.
21
Let m(r) = -r**3 - 29*r**2 - 34*r + 63. Calculate the remainder when m(-29) is divided by 9.
5
Let z(y) = 2*y**2 + 5*y - 7. Suppose -230*m - 1275 = -247*m. What is the remainder when m is divided by z(3)?
23
Suppose 22*r + 1271 - 4319 = 6720. What is the remainder when 1346 is divided by r?
14
Let v = -57 - -62. Suppose 0 = 4*z + 2*c - 66, v*z - 22*c + 23*c = 90. What is the remainder when 49 is divided by z?
11
Let b(n) = 4*n**2 - 54*n + 44. Calculate the remainder when 19 is divided by b(13).
1
Let l be 0 + (0 + -6)*42/(-63). What is the remainder when -70*(-6 + l) + 0 is divided by 48?
44
Let h = -6908 + 7561. What is the remainder when h is divided by 72?
5
Suppose -3*l - 743 = -2*y, -45*l = -47*l - 6. What is the remainder when y is divided by 29?
19
Let o = -1427 - -1430. Let h be 16 - ((2 - 4) + 4). What is the remainder when 3 - h/(2 - 4) is divided by o?
1
Suppose -2*x = s - 0*x - 9, 15 = s + 4*x. Suppose -s*c - 14 = -62. What is the remainder when 44 is divided by c?
12
Let m be 156/(-8) - (-5 - 33/(-6)). Let c(p) = -2*p - 6. Calculate the remainder when 337 is divided by c(m).
31
Suppose -m = -592 + 535. Let p(a) = 3*a**2 + 3*a - 3. Let c be p(2). Let w = 5 + c. Calculate the remainder when m is divided by w.
17
Let i(n) = 20*n**2 + 16*n - 30. What is the remainder when 2125 is divided by i(4)?
1
Let n = -133 + 206. Let p(v) = -2*v**2 - 15*v + 19. Let t be p(-7). Let s(a) = -a**3 + 27*a**2 - 27*a + 45. What is the remainder when n is divided by s(t)?
16
Let s(r) = 250*r + 527. Calculate the remainder when 779 is divided by s(-2).
23
Let a = -37 - -36. Let t be (a/(-3))/((-1)/6). Let m(k) = -k + 17. What is the remainder when m(t) is divided by 11?
8
Let h(l) = 376*l - 342. Calculate the remainder when 325 is divided by h(1).
19
Let f(z) = 11*z + 3 - 13*z + 0 + 5. Let w be f(6). Calculate the remainder when ((-5)/w)/(12/432) is divided by 12.
9
Let z = -20283 - -20862. Calculate the remainder when z is divided by 218.
143
Suppose 18*j - 22*j + 156 = 0. Let x be (-2)/(-39)*-3 - (-4608)/208. Suppose 114*d = 112*d + x. What is the remainder when j is divided by d?
6
Let t = 44 - 54. Calculate the remainder when 35 is divided by (-2050)/123*12/t.
15
Suppose -2*q = w - 25, -5*q + 62 = w + w. Suppose -2*d = -4*d + q. Calculate the remainder when (-70 + 77)*19/7 is divided by d.
1
Let i = -86 + 88. Suppose 5*v = -5*l + 200, i*v - v - 3 = 0. Let r(s) = -3*s**3 - 3*s**2 + 2. What is the remainder when l is divided by r(-2)?
9
Suppose 5*z - z - 14132 = -3*s, 5*z = 2*s - 9406. Suppose 33*v = 11*v + s. What is the remainder when v is divided by 55?
49
Let d be 8*-10*(-1)/16. Suppose o + 4*z + z = -17, -d*o + 55 = -3*z. Calculate the remainder when 66 is divided by o.
2
Let a(s) be the first derivative of -8*s**2 - 152*s + 98. What is the remainder